der when 90505 is divided by 187.
184
Calculate the remainder when 201144 is divided by 675.
669
What is the remainder when 10467 is divided by 1306?
19
What is the remainder when 4896 is divided by 158?
156
Calculate the remainder when 15930 is divided by 1864.
1018
Calculate the remainder when 799 is divided by 263.
10
Calculate the remainder when 15167 is divided by 4993.
188
What is the remainder when 18458 is divided by 157?
89
Calculate the remainder when 457061 is divided by 7.
3
What is the remainder when 1854229 is divided by 70?
69
Calculate the remainder when 659 is divided by 615.
44
Calculate the remainder when 17802 is divided by 42.
36
What is the remainder when 399809 is divided by 108?
101
Calculate the remainder when 1648 is divided by 1629.
19
What is the remainder when 211351 is divided by 5712?
7
Calculate the remainder when 8716 is divided by 31.
5
Calculate the remainder when 122677 is divided by 5.
2
Calculate the remainder when 1431 is divided by 267.
96
What is the remainder when 14295 is divided by 14181?
114
What is the remainder when 20882 is divided by 541?
324
What is the remainder when 17103 is divided by 329?
324
Calculate the remainder when 200215 is divided by 66722.
49
What is the remainder when 134980 is divided by 14997?
7
Calculate the remainder when 4814 is divided by 537.
518
Calculate the remainder when 1383 is divided by 126.
123
Calculate the remainder when 16183 is divided by 249.
247
What is the remainder when 28919 is divided by 256?
247
What is the remainder when 22472 is divided by 924?
296
Calculate the remainder when 1312 is divided by 432.
16
Calculate the remainder when 16604 is divided by 1514.
1464
What is the remainder when 24676 is divided by 437?
204
Calculate the remainder when 325752 is divided by 855.
852
What is the remainder when 3083083 is divided by 1179?
1177
Calculate the remainder when 101140 is divided by 491.
485
Calculate the remainder when 139501 is divided by 46497.
10
Calculate the remainder when 210798 is divided by 170.
168
What is the remainder when 2406871 is divided by 13?
12
What is the remainder when 1569 is divided by 78?
9
What is the remainder when 11828 is divided by 269?
261
Calculate the remainder when 623561 is divided by 69283.
14
Calculate the remainder when 86152 is divided by 1759.
1720
What is the remainder when 21806 is divided by 1981?
15
Calculate the remainder when 4240 is divided by 872.
752
Calculate the remainder when 2317 is divided by 387.
382
Calculate the remainder when 3703 is divided by 923.
11
Calculate the remainder when 3712 is divided by 456.
64
Calculate the remainder when 4451 is divided by 100.
51
Calculate the remainder when 1259998 is divided by 280.
278
Calculate the remainder when 1497 is divided by 347.
109
What is the remainder when 4016673 is divided by 1105?
1103
What is the remainder when 33137 is divided by 635?
117
Calculate the remainder when 7472 is divided by 2308.
548
Calculate the remainder when 76972 is divided by 6.
4
What is the remainder when 612 is divided by 197?
21
What is the remainder when 41881 is divided by 6?
1
What is the remainder when 1970173 is divided by 492543?
1
Calculate the remainder when 34950 is divided by 192.
6
What is the remainder when 32478 is divided by 10816?
30
Calculate the remainder when 46891 is divided by 527.
515
Calculate the remainder when 14198 is divided by 25.
23
What is the remainder when 926167 is divided by 655?
652
Calculate the remainder when 701252 is divided by 547.
545
Calculate the remainder when 72828 is divided by 44.
8
What is the remainder when 1367 is divided by 683?
1
Calculate the remainder when 2082 is divided by 163.
126
What is the remainder when 2248 is divided by 169?
51
What is the remainder when 14957 is divided by 144?
125
Calculate the remainder when 23263 is divided by 1941.
1912
What is the remainder when 3904 is divided by 42?
40
What is the remainder when 1363 is divided by 382?
217
What is the remainder when 165476 is divided by 4472?
12
What is the remainder when 660155 is divided by 94?
87
Calculate the remainder when 1808 is divided by 1768.
40
What is the remainder when 139618 is divided by 1042?
1032
What is the remainder when 20394 is divided by 10173?
48
Calculate the remainder when 298577 is divided by 143.
136
What is the remainder when 4427 is divided by 16?
11
What is the remainder when 427235 is divided by 61?
52
What is the remainder when 5455 is divided by 43?
37
Calculate the remainder when 143625 is divided by 11.
9
What is the remainder when 3026 is divided by 622?
538
What is the remainder when 4539 is divided by 626?
157
Calculate the remainder when 88144 is divided by 12.
4
What is the remainder when 36322 is divided by 638?
594
Calculate the remainder when 48577 is divided by 16192.
1
Calculate the remainder when 3822 is divided by 86.
38
Calculate the remainder when 28817 is divided by 180.
17
Calculate the remainder when 18036 is divided by 1202.
6
Calculate the remainder when 36554 is divided by 64.
10
What is the remainder when 4545 is divided by 2260?
25
Calculate the remainder when 6526 is divided by 98.
58
Calculate the remainder when 817 is divided by 811.
6
Calculate the remainder when 1557913 is divided by 80.
73
Calculate the remainder when 406509 is divided by 27.
24
What is the remainder when 134077 is divided by 32?
29
Calculate the remainder when 71451 is divided by 12.
3
What is the remainder when 415159 is divided by 6?
1
Calculate the remainder when 5021 is divided by 1252.
13
What is the remainder when 654 is divided by 530?
124
What is the remainder when 1464 is divided by 276?
84
What is the remainder when 6389 is divided by 2128?
5
What is the remainder when 135478 is divided by 284?
10
What is the remainder when 1466 is divided by 125?
91
Calculate the remainder when 207052 is divided by 59.
21
What is the remainder when 36728 is divided by 2677?
1927
Calculate the remainder when 97352 is divided by 373.
372
Calculate the remainder when 1435 is divided by 537.
361
What is the remainder when 4331 is divided by 1079?
15
Calculate the remainder when 8709 is divided by 44.
41
Calculate the remainder when 968 is divided by 540.
428
What is the remainder when 940 is divided by 156?
4
What is the remainder when 1774 is divided by 794?
186
Calculate the remainder when 14845 is divided by 47.
40
Calculate the remainder when 956658 is divided by 30.
18
What is the remainder when 131327 is divided by 55?
42
What is the remainder when 40363 is divided by 8072?
3
Calculate the remainder when 15749 is divided by 650.
149
Calculate the remainder when 5422 is divided by 501.
412
What is the remainder when 199476 is divided by 18?
0
What is the remainder when 82325 is divided by 263?
6
What is the remainder when 2978 is divided by 178?
130
Calculate the remainder when 1671 is divided by 343.
299
What is the remainder when 13375 is divided by 15?
10
What is the remainder when 69543 is divided by 50?
43
What is the remainder when 435472 is divided by 21?
16
What is the remainder when 41898 is divided by 41797?
101
Calculate the remainder when 812182 is divided by 516.
514
Calculate the remainder when 4702 is divided by 4676.
26
Calculate the remainder when 1900 is divided by 75.
25
Calculate the remainder when 14148 is divided by 14097.
51
Calculate the remainder when 5460 is divided by 71.
64
What is the remainder when 1234696 is divided by 896?
8
Calculate the remainder when 361241 is divided by 153.
8
What is the remainder when 12908 is divided by 891?
434
What is the remainder when 6967 is divided by 3478?
11
What is the remainder when 3288850 is divided by 372?
370
Calculate the remainder when 27430 is divided by 1713.
22
Calculate the remainder when 33933 is divided by 2814.
165
What is the remainder when 20694 is divided by 45?
39
Calculate the remainder when 13322 is divided by 50.
22
What is the remainder when 3774 is divided by 757?
746
What is the remainder when 199550 is divided by 463?
460
Calculate the remainder when 319515 is divided by 635.
110
What is the remainder when 3905986 is divided by 934?
932
Calculate the remainder when 403202 is divided by 67200.
2
Calculate the remainder when 4006 is divide